 -3*p - u + 1, 0*p - 5*u = 4*p + 17. Suppose -p*k - 3*k + 915 = 0. What is the hundreds digit of (-1)/((-1)/k) - (-3 + 1)?
1
What is the ten thousands digit of 8 - (-128)/(-24) - (-573472)/12?
4
Let m(a) = -a**3 - 2*a**2 - 7*a - 2. Let l be m(4). What is the hundreds digit of (-1 - l/138) + (-5384)/(-23)?
2
Let p(g) = 655*g - 2245. What is the hundreds digit of p(16)?
2
Suppose -16*g = -37*g + 58422. What is the hundreds digit of g?
7
Suppose 10*k - 6*k + 5*t = -17, -3*k = -2*t - 16. Suppose 0 = k*z + 179 - 2271. What is the thousands digit of z?
1
Let n(q) = 403*q**3 - q**2 - 5*q + 5. Let m be n(1). Let i = m + -205. What is the tens digit of i?
9
Suppose 2*p = 5*g + 57, -3*g = p - 3*p + 59. Suppose -p*b = -33*b + 662. What is the units digit of b?
1
Suppose 0 = -10*d + 263172 + 10058. What is the units digit of d?
3
Suppose 0 = -3*m + 6*m - 3. What is the tens digit of (1 + m - -165)*2?
3
Let w(t) = -71 - 79 + 12*t + 119. Let f be w(-6). Let a = f - -218. What is the hundreds digit of a?
1
Let n(a) = 25*a**3 - 3*a**2 - a + 2. Let p be n(-1). Let s be (-14)/(-3 - p/9). What is the units digit of (-1 + -1)/((-7)/s)?
8
Suppose 0 = -3*l - 4*r - 374, l - 32 = 2*r - 160. Let d = l - -392. What is the units digit of d?
6
Suppose -13 = w - 10. Let b(r) = -r**2 - 4*r - 5. Let f be b(w). What is the tens digit of 370/8 + f/8?
4
Let a = 17298 + 417. What is the hundreds digit of a?
7
Let z(o) = -o**2 - 4*o + 8. Let d be z(-5). Suppose -d = -4*v + 29. Suppose v = 3*u - 1, 3*b - 5*u = 246. What is the units digit of b?
7
Suppose 1445 = 7*y - 2*y. Let b = 440 - y. What is the units digit of b?
1
What is the tens digit of ((-15)/((-525)/(-29204)))/((-2)/25)?
3
Let h = 43902 - 23791. What is the tens digit of h?
1
Let r be (-6)/9 - (-4)/(-12). Let z be 3 + 0 + r - (-3 + 0). Suppose -5*m = -4*b - 930, 7*b - 3*b - 890 = -z*m. What is the tens digit of m?
8
Let a(o) = o**3 - 36*o**2 - 77*o + 118. Suppose 39*l - 16*l = 874. What is the tens digit of a(l)?
8
Suppose 2698 = -10*w - 2332. Let a = w + 627. What is the hundreds digit of a?
1
Let s(t) = -61*t + 5. Let u be (-3 - -3 - 6)/2. Let c be s(u). Let o = -33 + c. What is the hundreds digit of o?
1
Suppose -5*c - 89*x + 231644 = -90*x, 2*c + x - 92659 = 0. What is the hundreds digit of c?
3
Suppose 18*o = -x + 331072, 4*o + 3*x - 31083 = 42483. What is the ten thousands digit of o?
1
Suppose 79*q = 84*q. Suppose -5*h + 2*h - 15 = 0, 3*m - h - 338 = q. What is the tens digit of m?
1
Suppose -74*a + 92160 = -2*a. What is the tens digit of a?
8
Suppose -308*f - 11454 = -314*f. What is the units digit of f?
9
Let r(b) be the second derivative of b**4/2 + b**3 - 49*b**2/2 + b - 8. What is the units digit of r(6)?
3
Suppose t - 73 = -5*c, 2*c = 2*t - 3*t + 28. Let m be (c/3)/(4/(-8)). Let o(r) = -10*r - 18. What is the tens digit of o(m)?
8
Let u(m) = -57*m + 10 + 4*m - 4. Let n be (-19)/((-19)/(-2)) - 2. What is the units digit of u(n)?
8
Suppose 11*b = 6*b - 2*f + 27, 2*b - 7 = 3*f. Let x(k) = 58*k + 10. Let j be x(8). Suppose b*n - j = -n. What is the tens digit of n?
7
Let a = 153901 + -99853. What is the tens digit of a?
4
What is the thousands digit of (63/(-12))/(48/(-46272))?
5
Suppose 0 = -62*b + 69*b - 47208. What is the thousands digit of b?
6
Let w(b) = 10*b + 449. Let y be w(0). Suppose 19*x - 729 = y. What is the tens digit of x?
6
Let s(o) = -3*o**2 + 57*o - 52. Let q be s(18). What is the units digit of ((-15)/10 - q)*-2?
7
Suppose -19*o - 12*o = 0. What is the units digit of (-97 - -99)*(-332)/(-1 + o)?
4
Suppose -809*d = -810*d + 11752. What is the units digit of d?
2
Suppose 5*w - 12 + 2 = -2*p, -4*p = -4*w - 48. Let c(z) = z - 12. Let n be c(p). Let s = n - -15. What is the units digit of s?
3
Let n(x) = 22*x**2 + 7*x + 6. Suppose -4*q - 4 = 4*w, 3*w - w = 2*q - 2. Suppose 2*h - 4*t + 6 = q, 0 = -h + 3*h + 3*t - 1. What is the tens digit of n(h)?
2
What is the thousands digit of (3805 - -11) + (1/4 - (-248)/32)?
3
Let v(y) = -32*y - 2. Let b be v(-2). Let i = 73 - b. What is the tens digit of 155 + 0 + i + -8?
5
Let u = 601 + -607. Let n(x) = -3*x + 158. What is the hundreds digit of n(u)?
1
Let w be 1*-3*(-8)/(40/45). Suppose -3*k - w*m + 738 = -24*m, 241 = k + 2*m. What is the units digit of k?
1
Let s = 2 + 2. Let b be ((-39627)/(-555))/((-3)/(-5)). Suppose -3*w + 472 = k, s*w - 507 = -2*k + b. What is the units digit of w?
9
Let u(t) = 24*t + 134. Let d be u(-6). What is the units digit of 25*(1008/d)/(-9)?
0
Let g = -6907 - -4916. What is the hundreds digit of g/(-3) - 12/18?
6
Suppose 0*j = -4*d + 2*j + 20, 3*d - 1 = -2*j. Let k be (1/d)/(8/48). Suppose 5*z + 75 = 5*s, 5*z + 41 - 2 = k*s. What is the tens digit of s?
1
What is the hundreds digit of 1111*(-14 + (20 - 2))?
4
Let g(o) = o**3 - o**2 - 40*o + 22. Let v be g(18). Suppose 45*l = 32*l + v. What is the units digit of l?
0
Let d(a) be the first derivative of -7 + a + 16/3*a**3 + a**2. What is the tens digit of d(-1)?
1
Let m = -3358 - -3434. What is the units digit of m?
6
Let r be (9/(12/4) - 4) + 1. Suppose -59*d + 57*d + 76 = r. What is the units digit of d?
8
Let k(g) = 1315*g - 1500. What is the units digit of k(8)?
0
Suppose 5*r = -5*m, 3*m = -r + 4*r + 6. Let p be (-2)/((5 - 3)*r/2). What is the units digit of 592/80 - p/5?
7
Let t(q) = -169*q + 2996. What is the hundreds digit of t(16)?
2
Let b = -14693 - -37690. What is the hundreds digit of b?
9
Suppose -2*n + 42 = n. Let s = 18 - n. Suppose 5*i - 381 = -s*u, -4*i = 4*u - 0*u - 308. What is the tens digit of i?
7
Suppose -2*b + 161 = 5*b. Let i = -21 + b. Suppose i*r = 96 + 118. What is the units digit of r?
7
Let r = -737 - -751. Suppose 0 = -r*l + 18*l - 1428. What is the units digit of l?
7
Suppose -7*o + 11*o - 192 = -c, 0 = -2*c - 4*o + 392. Let q = 313 - c. What is the hundreds digit of q?
1
Let r = -56876 - -90654. What is the units digit of r?
8
Let t = 53 + -50. Let h be (108/(-21))/(t/(-14)). Suppose -28*w + 728 = -h*w. What is the units digit of w?
2
Suppose 4*z = -5*t - 3 - 17, 8 = -4*z - 2*t. Suppose -3*c - 3*f = -9, z = -4*c + f + 2*f + 5. What is the hundreds digit of 24/(-14)*(-91)/c*2?
1
Let k = 0 + 18. Suppose 2*h = -4*w + 20, -3*h + w + k = 4*w. What is the units digit of h?
2
Let w be -1 - (-5 - (4 - 5)). Suppose 0 = -2*r + 2*s + 14, -7 = 3*r + 7*s - w*s. Suppose 4*k - 4*t = -0*k + 292, -2*k = r*t - 156. What is the units digit of k?
5
Suppose -2*c + 3*a = -22176, 57*a + 4 = 55*a. What is the tens digit of c?
8
Let c(k) = 5*k**2 - 25*k + 83. Let q(z) = -z**2 + z - 5. Let i(w) = c(w) - 4*q(w). What is the tens digit of i(10)?
1
Suppose 3*r - 5*v - 53 = 0, 0 = -3*r - v + 26 + 21. Let j(d) = 22 - 9*d - 18 + r + 33. What is the tens digit of j(-12)?
6
Let l = 9786 + -7392. What is the units digit of l?
4
Suppose 29*p = 513364 + 1042576 - 254304. What is the tens digit of p?
8
Let u = -269 + 625. Let t be (-68)/(-85) - 16/(-5). Suppose -4*i = 5*v - 876, 2*v + t*i = i + u. What is the units digit of v?
2
Suppose -43*h + 54*h = 99. Let a(y) = 20*y + 110. What is the tens digit of a(h)?
9
Let t be -3 + 0 - (4 - 2959). Suppose 11*r - 7000 + t = 0. What is the tens digit of r?
6
Let b(c) be the second derivative of 383*c**4/3 + 17*c**3/6 + c**2/2 + 85*c. What is the hundreds digit of b(-1)?
5
Suppose 5*b - 7*b + 12 = 0. Suppose -4*i + 12 = 0, -b*c + 4*i = -10*c + 1036. What is the tens digit of c?
5
Let f(u) = 3*u - 8. Suppose -3*y = 4*y - 28. Let w be f(y). What is the units digit of 735/10*w/6?
9
Let d = -33429 - -53969. What is the thousands digit of d?
0
Suppose -4*q + 4*z = 4, 2*q + 4*z - 22 = -3*q. Suppose 2*d - q*o - o - 8 = 0, 2*d - 16 = 5*o. What is the units digit of (d - -10)/4 - -1*73?
5
Let o(m) = -696*m - 448. What is the thousands digit of o(-19)?
2
Let j be -39*(4 - 13/3). Suppose 1783 = j*y + 301. Suppose 27 = -z + y. What is the units digit of z?
7
What is the tens digit of ((-462669)/190)/(15/(-150))?
5
Suppose -1688 = 4*g + 4*b, -5*g + 2*b = -2*b + 2083. Let n = g - -665. What is the tens digit of n?
4
Suppose 4*j = -5*x + 41, -5*j + 2 = -2*j - 2*x. Suppose -h + 635 = -j*n, -4*h + 4*n + 2109 + 419 = 0. What is the tens digit of h?
3
Let p(a) = 2*a**2 - a - 52. Let u be p(21). Let o = 56 + u. What is the tens digit of o?
6
Suppose 14*s = 10